s 2323529586 a multiple of 10710?
False
Does 61 divide 67742757?
True
Is 1469541885 a multiple of 95?
False
Is 8875946903 a multiple of 16?
False
Does 496 divide 860584304?
True
Does 275 divide 559796050?
True
Is 30163340 a multiple of 20?
True
Is 64 a factor of 9999808?
True
Is 27 a factor of 5016170135?
False
Is 59 a factor of 579896918?
False
Is 56471900 a multiple of 9?
False
Is 827449760 a multiple of 5?
True
Is 71056206 a multiple of 1131?
True
Is 60896423 a multiple of 10?
False
Does 6 divide 10404066?
True
Does 9 divide 36497190?
False
Is 2 a factor of 11537156?
True
Does 173 divide 58779755?
False
Is 80219711 a multiple of 66?
False
Does 20 divide 1663742?
False
Does 54 divide 151601274?
True
Is 2418 a factor of 61509084?
True
Is 73655186 a multiple of 986?
True
Is 160011898 a multiple of 192?
False
Does 233 divide 255478465?
False
Is 7 a factor of 306640611?
False
Is 76570976 a multiple of 4?
True
Is 13496454 a multiple of 743?
False
Does 5 divide 8350790?
True
Is 57 a factor of 200525508?
False
Does 785 divide 530594305?
False
Does 69 divide 1112938667?
False
Does 68 divide 141480143?
False
Is 20820784 a multiple of 34?
True
Does 233 divide 83358546?
True
Does 4 divide 2852327?
False
Is 23 a factor of 11615955?
False
Is 61 a factor of 207493330?
True
Is 328550175 a multiple of 25?
True
Does 114 divide 6400284608?
False
Is 951 a factor of 4177558?
False
Is 567 a factor of 999699246?
True
Is 613 a factor of 4295251155?
True
Does 3 divide 19249107?
True
Is 1504 a factor of 2334140320?
True
Is 74 a factor of 38056716?
False
Is 31 a factor of 5626727?
False
Is 104 a factor of 186907747?
False
Does 35 divide 7547295?
True
Does 1171 divide 110706340?
True
Is 822 a factor of 403073728?
False
Is 4 a factor of 1261519974?
False
Is 77889616 a multiple of 112?
True
Is 12838963 a multiple of 37?
True
Does 320 divide 150466240?
True
Is 3924397533 a multiple of 41?
True
Does 292 divide 1760768538?
False
Does 16 divide 386506066?
False
Is 11484350 a multiple of 85?
True
Is 24 a factor of 37289488?
False
Is 721765262 a multiple of 1336?
False
Is 2737 a factor of 409477573?
False
Is 333 a factor of 189440703?
True
Is 77172236 a multiple of 118?
True
Is 122630863 a multiple of 2736?
False
Is 12491200 a multiple of 57?
False
Is 225 a factor of 79212268?
False
Does 9 divide 18333198?
True
Is 142 a factor of 393801365?
False
Is 177640048 a multiple of 64?
False
Does 22 divide 137598648?
True
Is 88 a factor of 1305566592?
True
Does 5 divide 68013642?
False
Does 5 divide 39176305?
True
Does 1229 divide 271825253?
False
Does 4990 divide 8239287026?
False
Is 481 a factor of 195729847?
False
Is 69553091 a multiple of 1097?
True
Is 972393344 a multiple of 5008?
True
Does 199 divide 328549?
True
Does 726 divide 4301191843?
False
Does 240 divide 5868357120?
True
Does 15 divide 68490165?
True
Is 66 a factor of 3714277031?
False
Is 5166 a factor of 2695739829?
False
Is 215649892 a multiple of 863?
True
Is 12 a factor of 37805423?
False
Is 40863113 a multiple of 191?
True
Is 4325632988 a multiple of 62?
True
Is 791909260 a multiple of 620?
True
Does 144 divide 57183589?
False
Is 4556 a factor of 834085144?
True
Is 52 a factor of 631228?
True
Is 3 a factor of 13219697?
False
Is 27 a factor of 22711185?
True
Is 2038 a factor of 124579695?
False
Does 1975 divide 193918308?
False
Is 119348086 a multiple of 793?
True
Is 445328415 a multiple of 1035?
True
Is 3037011 even?
False
Is 1068531745 a multiple of 2820?
False
Is 168 a factor of 63303576?
True
Does 896 divide 217088114?
False
Is 11 a factor of 2468186492?
False
Does 1853 divide 308087192?
True
Does 7393 divide 1605185006?
False
Does 3 divide 5551766?
False
Is 5 a factor of 14233305?
True
Does 10 divide 772393015?
False
Does 15 divide 12982130?
False
Is 32 a factor of 516047968?
True
Does 91 divide 14616147?
True
Is 1738 a factor of 188698914?
False
Is 691663000 a multiple of 6?
False
Does 982 divide 20096454?
False
Is 1859 a factor of 259081394?
True
Does 16 divide 77813984?
True
Is 28 a factor of 15499260?
True
Does 12 divide 101302732?
False
Is 413 a factor of 17115133?
True
Is 107 a factor of 56166530?
False
Is 1605312750 a multiple of 250?
True
Does 42 divide 131835390?
False
Does 4316 divide 2744311205?
False
Is 394752 a multiple of 128?
True
Is 48962642 a multiple of 2003?
False
Is 51083562 a multiple of 20?
False
Is 17 a factor of 27965170?
True
Is 376362226 a multiple of 352?
False
Does 2392 divide 1317319217?
False
Is 4599 a factor of 126244823?
False
Is 2 a factor of 36532255?
False
Does 327 divide 118656358?
False
Does 163 divide 52721876?
False
Is 236 a factor of 19564636?
True
Is 12 a factor of 4746508248?
True
Is 76 a factor of 24565649?
False
Is 5 a factor of 940597535?
True
Is 4326266877 a multiple of 811?
False
Does 44 divide 3530955511?
False
Is 85 a factor of 36440917?
False
Is 44025494 a multiple of 1064?
False
Is 1336274008 a multiple of 236?
True
Is 15 a factor of 22404495?
True
Does 1343 divide 15135610?
True
Is 2700 a factor of 692377200?
True
Does 400 divide 6374400?
True
Is 1127 a factor of 178769294?
False
Is 1299675304 a multiple of 8?
True
Is 106 a factor of 497834160?
False
Does 1015 divide 97079680?
False
Does 13 divide 279624501?
True
Does 7161 divide 904112055?
True
Is 2921 a factor of 316462153?
False
Does 445 divide 25606253?
False
Does 38 divide 1942694710?
True
Does 1606 divide 40527609?
False
Is 697 a factor of 25835699?
True
Does 27 divide 954227801?
False
Is 175 a factor of 130620525?
True
Is 19 a factor of 22723658?
True
Is 55 a factor of 89697475?
False
Does 569 divide 1619259994?
False
Is 1962217620 a multiple of 8005?
True
Is 1378076186 a multiple of 4071?
False
Is 905459706 a multiple of 18?
True
Is 10096035 a multiple of 34?
False
Does 179 divide 67383338?
False
Is 68556449 a multiple of 481?
True
Does 9 divide 76781690?
False
Is 1774534046 a multiple of 1871?
False
Is 1035521054 a multiple of 887?
True
Does 37 divide 29758952?
True
Does 322 divide 32668510?
True
Is 11 a factor of 155345399?
True
Is 303172188 a multiple of 648?
False
Does 1183 divide 1093168895?
True
Does 13 divide 819557908?
True
Is 656 a factor of 481858779?
False
Is 114946590 a multiple of 110?
True
Is 7 a factor of 8937364?
False
Is 1183824778 a multiple of 262?
False
Is 74118975 a multiple of 811?
False
Is 100400160 a multiple of 56?
True
Is 12015184 a multiple of 9?
False
Does 44 divide 23097668?
True
Does 33 divide 18413370?
False
Is 574672 a multiple of 14?
True
Does 22 divide 1172801?
False
Does 708 divide 360783348?
True
Is 2349276 a multiple of 824?
False
Is 6631874 a multiple of 155?
False
Does 354 divide 2217856728?
True
Is 176910804 a multiple of 18?
True
Is 574562057 a multiple of 587?
True
Is 360 a factor of 524162349?
False
Is 85813090 a multiple of 11?
True
Is 65990279 a multiple of 940?
False
Is 1943838 a multiple of 117?
True
Does 29 divide 2010045332?
True
Does 81 divide 6024699?
True
Is 108 a factor of 430289?
False
Does 626 divide 111324084?
True
Is 8011280 a multiple of 10?
True
Is 285 a factor of 527055915?
True
Does 735 divide 107509920?
True
Is 693 a factor of 29413709?
False
Is 8 a factor of 17532024?
True
Is 1136077875 a multiple of 28?
False
Is 3 a factor of 1047333?
True
Does 165 divide 201730560?
False
Does 134 divide 48649638?
True
Is 15 a factor of 4161168?
False
Does 119 divide 199053753?
False
Is 226127538 a multiple of 27?
True
Is 20 a factor of 42729400?
True
Is 42 a factor of 69707502?
False
Is 12141489 a multiple of 78?
False
Does 5468 divide 148369803?
False
Is 1021 a factor of 5805406?
True
Is 871 a factor of 89946428?
True
Does 100 divide 31262542?
False
Is 126 a factor of 168298712?
False
Does 9 divide 3571256?
False
Is 460 a factor of 43744620?
True
Is 42 a factor of 25235471?
False
Is 3799 a factor of 92311901?
True
Is 8202588 a multiple of 12?
True
Is 419093507 a multiple of 1957?
True
Does 74 divide 1968863166?
True
Is 21658601 a multiple of 571?
True
Is 92813615 a multiple of 228?
False
Does 53 divide 507043948?
False
Is 37 a factor of 546509055?
True
Is 786 a factor of 121785353?
False
Does 35 divide 295564710?
True
Is 15445231 a multiple of 1457?
False
Does 133 divide 1997513035?
True
Is 218073448 a multiple of 10?
False
Is 83442888 a multiple of 